*c + 12. What is the tens digit of f?
8
Let i be (-62)/8 + -7*3/84. Let s(o) = o + 11. Let c be s(-13). What is the hundreds digit of c/i + ((-4419)/(-12))/3?
1
Let t = -314 - -161. Let w = -122 - t. What is the tens digit of w?
3
Let t(n) = -2*n**3 - 6*n**2 - 29*n + 14. Let d be t(-14). Suppose -6*c = 7*c - d. What is the tens digit of c?
6
Suppose -3*i - 18 = 5*l, 5*i = 2*l - 0*i + 32. Let d be 1 + 39 + l + 4. Suppose s = -3*z + 6*z + d, -3*z + 26 = s. What is the units digit of s?
2
What is the hundreds digit of (-1374)/(0 - -6)*-3 - 12?
6
Let x = -7 + 12. Let z(w) = -66 - 64 + 255 + 15*w - 63 - 60. What is the units digit of z(x)?
7
Let h = -700 - -694. Let z(q) = q**3 + 10*q**2 + 6*q + 2. What is the tens digit of z(h)?
1
Suppose 7*b = -10*b - 68. What is the tens digit of (2 + 2)/b*-479?
7
Suppose -4*m + 4*c + 14348 = 0, 4*m + 7177 = 6*m + c. What is the units digit of m?
8
Let p = 125515 + -47967. What is the tens digit of p?
4
Let o(m) = -59*m**3 + 44*m**2 + 39*m + 60*m**3 + 17 - 141*m. What is the hundreds digit of o(-46)?
4
Let q = 32510 + -29261. What is the thousands digit of q?
3
Let f = 100076 + -52179. What is the thousands digit of f?
7
Let l(v) = -3*v + 418 - 88 - 8*v + 12*v. What is the hundreds digit of l(0)?
3
Let q(a) = -a**2 + 8*a - 9. Let f be q(6). Let w be -4 + f + 2 + -1. Suppose 3*g + 5*s - 2*s - 135 = w, -249 = -5*g + 3*s. What is the units digit of g?
8
Let z(w) = 121*w**2 + 2*w**2 + 36*w - 33*w. What is the units digit of z(-2)?
6
What is the hundreds digit of (24 - 517/22)*32840?
4
Let p(d) = -8*d**2 - 6*d + 20. Let t(i) = i**2 + i - 1. Let v(w) = p(w) + 2*t(w). Let k be v(3). What is the tens digit of ((-10)/(120/(-27)))/((-2)/k)?
5
Let w be 0*((-1)/9*-6)/(-2). Suppose w = -19*k + 13*k + 54. Suppose -k*g = -779 - 85. What is the tens digit of g?
9
Suppose 0 = -m - 2*s + 4754, 5*m + 2*s - 23749 = -s. What is the hundreds digit of m?
7
Let o(k) = k**3 - 2*k**2 - 5*k - 16. Let h be o(9). Let l = -81 + h. What is the units digit of l?
5
Suppose 0 = -2*u + 3*h + 9245, -68*u = -66*u - 2*h - 9240. What is the tens digit of u?
1
Let r(z) = -147*z - 16. Let c(s) = 2*s + 2. Let t(w) = 2*c(w) + r(w). What is the units digit of t(-5)?
3
Let u = -689 - -3406. What is the tens digit of u?
1
Suppose -28*q = -25*q. Suppose q = -14*r + 6*r + 40. Let i(j) = 4*j**2 - 5*j - 7. What is the tens digit of i(r)?
6
Let k(r) = 83*r**3 + 2*r**2 + 47*r - 365. What is the thousands digit of k(7)?
8
What is the hundreds digit of 6/4*(-33204)/(-18)*5?
8
What is the hundreds digit of (7081628/220 - 10/25) + (-22)/(-121)?
1
Suppose -198*k + 270*k = 1986840. What is the thousands digit of k?
7
Suppose -71*z + 3558480 + 4920070 = 3245140. What is the hundreds digit of z?
7
Let u(j) be the second derivative of j**5/20 - 19*j**4/12 - 3*j**3 - 49*j**2/2 - 322*j. What is the hundreds digit of u(23)?
6
Let h(y) = 10*y - 75. Let z(m) be the third derivative of -29*m**4/24 + 75*m**3/2 + 7*m**2. Let k(x) = 7*h(x) + 2*z(x). What is the tens digit of k(22)?
8
Let k = 4301 - 622. Suppose -8*i + k + 1793 = 0. What is the units digit of i?
4
Let l be 2/15 + 866/30. Let y(f) = f**2 + 10*f - 10. Let c be y(-9). Let i = c + l. What is the tens digit of i?
1
Let j(i) = -2939*i**3 - i**2 + 3*i + 3. Let g be j(-1). Suppose -4773 = -11*y + g. What is the hundreds digit of y?
7
Let d(s) = 5*s**3 - 52*s**2 - 312*s - 76. What is the ten thousands digit of d(20)?
1
Let s be 275/(-4) + -2*7/56. Let q = s + 48. What is the tens digit of (2/6)/((q/(-1926))/7)?
1
Suppose 17 = 3*x + 5*l, 5*l = -4*x + 2*x + 18. Let b be 2*(3 - 1)*x. What is the units digit of ((-72)/(-45))/(b/(-230))?
2
Let t = 2 + 6. Let d be (-714)/(-63) + 1 + t/(-6). Suppose 4*s - d*s + 336 = 0. What is the units digit of s?
8
Let h be (-85)/4 + 2/8. Let q be (-6)/14 - (5259/h + 1). Suppose -14*a - q = -17*a. What is the tens digit of a?
8
Let i(t) = -354*t - 4227. What is the hundreds digit of i(-16)?
4
Let j(d) = 2*d**2 + 27*d + 9. Let i(o) = o**2 + 27*o + 9. Let l(b) = 3*i(b) - 2*j(b). What is the units digit of l(25)?
9
Suppose 37*s - 9888 = 53*s. Let u = -599 - s. What is the units digit of u?
9
Let z be 4/(-22) - (-138)/33 - -4. Suppose -z*r + 238 = -r. What is the tens digit of 992/6 + r/(-102)?
6
Let v be (-18)/14 + 1 + 410642/322. Let x = v + -221. Suppose -2*a - 3*p = -593, 182 + x = 4*a - 4*p. What is the tens digit of a?
0
Let l be 14/5 - (-44)/(-55). Suppose -x + 20 = l*g - 8, 0 = -4*g - x + 52. What is the tens digit of -75*(-20)/g - 5?
2
Let l(t) = 9*t + 121. Let s be l(-14). Let z(a) = -7*a**3 - 2*a**2 + 8*a. What is the tens digit of z(s)?
8
Let d = 341 + -347. What is the units digit of 220/14 + 3 - d/21?
9
Suppose -2*l = 4*o - 30 - 18, 0 = -3*o + l + 26. Suppose -616*f = -632*f - 400. What is the units digit of 3 - o/f*-5?
1
Let z(q) = -q - 1. Let s(c) = -810*c + 16. Let m(d) = -s(d) + 5*z(d). What is the hundreds digit of m(1)?
7
Let v = -110 + 115. Suppose 0*o - 3*y = v*o - 1667, 3*o - 1000 = -2*y. What is the units digit of o?
4
Suppose 42 = -4*d + 2*m, 5*m = 2*d - 0*d + 41. Let x be -18*((-1116)/81 + 14). What is the units digit of -6 - (d - x) - 1*-43?
1
Let t be (-31 + 154)*(-2)/6 - -1. What is the hundreds digit of t*(64/(-5) + -1)?
5
Suppose 0 = -4*d + 10*d + 25*d - 544205. What is the hundreds digit of d?
5
Suppose -2*u + 106*n = 110*n - 15458, 4*u + 4*n = 30900. What is the hundreds digit of u?
7
Let h(w) be the second derivative of w**5/20 + 7*w**4/6 - 16*w**3/3 - 9*w**2/2 - 4*w. Let i be h(-16). What is the tens digit of (4/6 - (-6)/i) + 61?
6
Suppose 41 = 5*c + 16. Suppose 0*j - c*j + 327 = 4*g, -j + 4*g + 75 = 0. Suppose -10*a + 33 + j = 0. What is the tens digit of a?
1
Let n(y) = y**3 - 15*y**2 - 35*y + 65. Let g be n(19). Suppose -4*m - 4*r + 4480 = 0, -4*r = -m + 286 + g. What is the hundreds digit of m?
1
Let g = 97530 + -56684. What is the units digit of g?
6
Let r = -233 - -231. What is the units digit of (10*r/(-15) + -2)*-465?
0
Suppose -45 = -2*z - 3*z. Let l be 8/36 + 2878/z. Suppose -2*a = -c + 151, l = 2*c + 5*a - 0*a. What is the units digit of c?
5
Suppose -584 = -4*o - s, 0*s + 421 = 3*o + 5*s. Let d = o - 87. What is the units digit of d?
0
Suppose n - 140 = -3*m, -3*m = -6*m + 3*n + 156. Let s = 537 - m. What is the hundreds digit of s?
4
Suppose 5*w - 148 = 3*n - 4*n, -2*n = 4*w - 266. What is the units digit of (n/9)/((-6)/(-108))?
6
Let s(q) = 125*q**2 - 6*q + 126. Let z be s(-13). Suppose 40*o - z + 2969 = 0. What is the hundreds digit of o?
4
Suppose 0 = -4*a + 4*r + 24, -2*a = r. Let s = a - 2. Suppose -2*w - 492 = 2*d - 7*d, s = 3*w - 12. What is the hundreds digit of d?
1
Let x = -144 - 7. Let w = x + 608. What is the units digit of w?
7
Let u(p) = 60 + p**3 - 35 + 15*p**2 - 2*p - 2*p**3 - 10*p. Let o be u(14). Let x = o + 86. What is the hundreds digit of x?
1
Let s(a) = 2*a**2 + 125*a + 60. What is the thousands digit of s(19)?
3
Let a be -4*1558/(-4)*6/4. Suppose 0 = -0*c + 3*c - a. What is the units digit of c?
9
Suppose 5*c = -4*l + 22388, 0 = 2*l + 3*c - 5177 - 6019. What is the units digit of l?
2
Suppose 0 = -7*d + 4587 + 9574. Suppose -6*p + 9*p - d = 5*b, 5*b = 4*p - 2694. What is the hundreds digit of p?
6
Suppose 0 = -78*t + 53*t + 14200. Suppose -11*p + t = -158. What is the tens digit of p?
6
Suppose 3*w - 250 = -5*k + 191, w = 3*k + 161. Let h = -97 + w. What is the units digit of h?
5
Let l be 30411 - -8 - -3*(-3)/(-9). What is the hundreds digit of (4/12)/(12/l)?
8
Let w(u) = -u**3 + 25*u**2 + 144*u + 115. What is the ten thousands digit of w(-20)?
1
Let x be (-8*(-9)/72)/(1/(-5947)). What is the hundreds digit of (-22)/(-99) + x/(-9)?
6
Suppose 25*u - 23*u = i - 13597, 5*u - 13618 = -i. What is the hundreds digit of i?
6
Suppose 6 = o + 4*f, 3*o + 5*f - 4*f = 7. Suppose 2*t = 5*g - 185, -3*t = g - o*t - 30. What is the tens digit of g?
3
Let h be -1 + 360 + (-45)/(-9). Let g be (4 - 9) + h - 5. Suppose 3*z - g = 324. What is the tens digit of z?
2
Let t = -133 - -41. Let v = t - -175. Suppose 2*h = -5*l + 4*h + 207, 2*l - v = h. What is the units digit of l?
1
What is the tens digit of 3496 + 0 + -4 + (-4 - (-8 - -3))?
9
Suppose 0 = -2*k - 4*y + 20, -3*y = 4*k - 3*k - 14. Suppose 245 = k*q + 3. Let g = 82 + q. What is the hun